he highest common divisor of 304 and c?
16
Let h(y) = -4*y + 2. Let s(w) = w**3 + 9*w**2 + 8*w - 6. Let u be s(-8). Let o be h(u). Let l = 9 - -43. Calculate the greatest common factor of l and o.
26
Let k(x) = -18*x - 83. Let j be k(-5). Calculate the highest common factor of j and 301.
7
Let u = -161 + 281. Let x(k) = 30*k**2 + k - 1. Let c be x(1). What is the greatest common factor of c and u?
30
Let y(i) = 36*i**2 - 7*i + 15. Let r be y(-5). Calculate the highest common factor of 100 and r.
50
Suppose 0 = -5*k + 209 - 34. Suppose -3*w - 4*i + 206 = 0, 4*i + k + 109 = 2*w. Let q = 14 + -4. Calculate the highest common divisor of w and q.
10
Suppose -s + 38 = -5*j, -14*s = -11*s - 4*j - 59. Calculate the greatest common factor of s and 156.
13
Let i be 269 + -1*(-4 + 3). Suppose -4*b + 7*b + 3*l - 270 = 0, 3*b - l - i = 0. What is the highest common factor of 60 and b?
30
Let p = -7 + -3. Let o be p + 8 - 31/(-1). Calculate the highest common factor of 145 and o.
29
Suppose 109*i + 2356 = 113*i. What is the highest common divisor of 31 and i?
31
Let w(b) = b**2 - 4*b - 3. Let v be w(5). Let g(f) = -6*f - f**v + 3*f - 3 + f + 2*f**2. Let h be g(-6). What is the highest common factor of 9 and h?
9
Let q be 54/2 + (-2 - 0). Let i be 16/88 + 192/33. Let j = q + i. Calculate the greatest common factor of j and 62.
31
Let r = -29 + 50. Let u be (-48)/(-9)*r/(-2). Let n be (630/(-49))/(6/u). Calculate the highest common divisor of n and 15.
15
Let s be 10660/(-78)*-2*(-6)/(-8). What is the greatest common factor of 164 and s?
41
Let u be -2 + (-3)/((-3)/205). What is the greatest common divisor of 116 and u?
29
Suppose -818 + 620 = -9*n. What is the highest common divisor of 297 and n?
11
Suppose -4*f + 10 + 14 = 3*c, -4*f = c - 16. Let x be (20/5 - 4) + f. Calculate the highest common divisor of 6 and x.
3
Let a be ((-38)/(-4) - 10)/(1/(-70)). What is the greatest common factor of a and 42?
7
Let x(a) = 23*a**2 + 15*a - 32. Let t be x(2). Calculate the highest common divisor of 60 and t.
30
Let h = -2102 - -2135. What is the greatest common divisor of h and 1056?
33
Let c(q) = q**2 + 3*q**2 - 9 - 3*q**2 - q - 9*q. Let b be c(11). Let l be 4 + (1 - b) - 0. What is the greatest common divisor of 18 and l?
3
Suppose -x + 5*o = 28, 4*x - o + 2 = -15. Let n = x - -9. Calculate the greatest common divisor of 12 and n.
6
Let g(b) = b**3 - 7*b**2 + 5*b + 8. Let q be g(6). Suppose q*l - 9 = 19. Let a = -8 + 43. What is the highest common factor of a and l?
7
Let x be (-20)/(-12) - 1/(-3). Let q be (-2 + (-14)/(-5))/((-14)/(-245)). Calculate the highest common divisor of q and x.
2
Let l = 26 - 26. Suppose -3*a + 49 + 47 = l. Let x = a - 19. Calculate the highest common factor of 13 and x.
13
Let x be 16/40 + 73464/40. Calculate the greatest common factor of 11 and x.
11
Suppose 1370 + 225 = 29*y. What is the greatest common factor of 77 and y?
11
Let j be (7 - 2)/(-20)*-8. Suppose j*h = -o + 133, -2*h - 6*o + 135 = -3*o. What is the greatest common divisor of h and 22?
22
Let f(z) = -16*z + 9. Let p(c) = 24*c - 14. Let m(h) = 8*f(h) + 5*p(h). Let l be m(-1). Suppose -1 = d - l. What is the greatest common divisor of d and 45?
9
Let g(w) = -18*w - 2. Let b be g(-2). Suppose 3*m + 178 = 2*r, m + 0*m = -r + 89. Let s = r - b. What is the greatest common factor of s and 11?
11
Let n(a) = -2*a**3 + 2*a**2 + 6*a + 3. Suppose -k = -3*g + 70 + 24, -k = -g + 34. Let f = g - 32. Let x be n(f). What is the greatest common factor of x and 60?
15
Let m = -62 + 76. Suppose -609 - 595 = -m*o. What is the greatest common factor of o and 129?
43
Let r(v) be the second derivative of -19*v**3/2 - v**2 - 9*v. Let t be r(-1). Suppose -8*i = -3*i - 25. Calculate the greatest common factor of i and t.
5
Suppose 0 = -3*o + 46 + 2. Suppose 23*n = -402 + 2587 + 3703. Calculate the highest common factor of n and o.
16
Suppose -5*g = -15, 3*d = 4*g - 1 + 7. Suppose 3*f - 4*y = 1, 5*f - 5 = d*f - 4*y. What is the highest common factor of 21 and f?
3
Let x = 2 + 0. What is the highest common divisor of 50 and x?
2
Let v(f) = 27*f**2 - 2*f + 1. Let i be v(1). Suppose 0 = -d + 64 + 4. Suppose -d = -m - c, -3*c + 0*c = -9. Calculate the greatest common factor of m and i.
13
Let w(p) = -p**2 + p + 50. Let y be w(0). Suppose -16*q = 317 - 397. Calculate the highest common factor of q and y.
5
Suppose -19*c = -197 - 2273. Calculate the highest common divisor of 39 and c.
13
Let n = -26 - -39. Let j = -110 + 214. What is the greatest common divisor of n and j?
13
Suppose -1448 = -4*y - 4*f, 1090 = 3*y + 2*f + 3*f. Suppose -3*a + 11*a = y. What is the highest common divisor of 30 and a?
15
Let o = -74 - -193. What is the greatest common factor of 34 and o?
17
Let y = -1974 - -2062. Calculate the highest common factor of y and 11.
11
Let l(k) = 2*k - 5. Let a = -12 - -9. Let m be a/(-1 - 4/(-16)). Let p be l(m). What is the greatest common factor of p and 15?
3
Let r = 932 + -919. Let w = -312 - -540. Let l = -163 + w. What is the highest common divisor of l and r?
13
Let s(f) = 17*f**2 - f. Suppose -p - 3 = -4*p. Let t be s(p). Suppose 5*q - 2 = -4*w, -3*q - w + 4 = -0*q. What is the greatest common divisor of q and t?
2
Suppose 3 = n + 4, -291 = -4*w + 3*n. Let f(b) = -5*b - 19. Let x be f(-5). Let h be (-3)/(-14 - -14 - 2/x). What is the highest common factor of h and w?
9
Let c(k) = -k**3 - 8*k**2 + 7. Let l be c(-8). What is the highest common divisor of 7 and l?
7
Let u = -113 + 119. Let a be ((-108)/(-15))/((u/45)/1). What is the highest common divisor of a and 6?
6
Let y = -9 - 0. Let c be 7 + (19/(-57))/((-1)/y). What is the highest common factor of 44 and c?
4
Let s(r) = -r**3 - 22*r**2 - 48*r - 46. Let z be s(-20). What is the greatest common divisor of 12 and z?
6
Let l be 494/130 - 4 - 666/(-5). Let t(y) = -19*y. Let q be t(-1). What is the greatest common divisor of l and q?
19
Suppose -6*j - 8 = -20. What is the greatest common divisor of 52 and j?
2
Let t be -19 - (-3 + 0 + 7). Let c = -6 - t. Suppose -f + 3*a + 58 = 4*f, 2*f + 5*a = c. Calculate the highest common factor of 11 and f.
11
Let u(o) = -o**2 + 9*o + 6. Let k be u(6). Suppose 19*p - 283 = 173. Calculate the greatest common divisor of k and p.
24
Let m = 82 - 73. Calculate the highest common factor of m and 72.
9
Let r be (4 - 1 - 4) + 6. Suppose 5*x + 5*h - 73 = 197, -r*h + 62 = x. Suppose -3*b - 2*i = -i - 83, -15 = -3*i. What is the highest common divisor of b and x?
26
Suppose 3*o = 5*w - 0*o - 29, 0 = 4*w - o - 26. Suppose -w*z + 6 = -1. What is the greatest common factor of 7 and z?
1
Suppose -1840*f = -1859*f + 912. What is the greatest common divisor of f and 5?
1
Suppose -7*w + 4*w + 36 = 0. Suppose 5*c - w = -4*k + 47, -48 = -4*c - 3*k. Let b = 12 + -6. Calculate the greatest common divisor of c and b.
3
Let m(g) be the first derivative of 3*g**4/4 - g**3 - 4*g + 1. Let y be m(3). Suppose 0 = 46*n - 24*n - 550. Calculate the highest common divisor of n and y.
25
Let w be 4914/147 - 8/(-14). What is the greatest common divisor of 289 and w?
17
Let n(c) = 4*c**2 - 2*c + 5. Let l be n(5). Let i = l + -75. What is the greatest common divisor of 30 and i?
10
Suppose 0 = 11*y - 12*y + 60. Let n be 354/15 - 2/(-5). Let j be ((-12)/(-8))/(3/n). What is the highest common divisor of j and y?
12
Let w be 1/3 - 42/(-9). Suppose 5*z - 302*b - 24 = -303*b, 5*b = 2*z - 15. Calculate the highest common factor of w and z.
5
Let b be 2289/15 + 7/((-105)/(-6)). Let x = b + -146. Let h(g) = g - 1. Let j be h(2). Calculate the highest common divisor of x and j.
1
Suppose 2*f = -3*c + 4*f + 2279, -3*f = -3*c + 2280. Calculate the greatest common divisor of c and 207.
69
Suppose 41*r - 384 = 37*r. Let w be (r/(-30))/(-4)*(5 - 0). Let o(s) = s**2 - s. Let m be o(2). What is the greatest common factor of m and w?
2
Let j(o) = o**2 + 30*o - 130. Let y be j(-35). What is the highest common factor of y and 795?
15
Let n = -61 - -106. Let c = n + 15. Let b be 14/(-28) - 42/(-4). What is the highest common divisor of c and b?
10
Let l = -190 + 196. Calculate the greatest common divisor of 12 and l.
6
Suppose -l - 188 = -4*m, -3*m = -2*l - 91 - 45. Let i(x) = -x**2 + 1. Let n be i(0). Let r be ((-3)/3)/n + 7. Calculate the greatest